3*g + 63 = f + f. Suppose f = 4*o - 15. List the prime factors of o.
2, 3
Suppose -3*p - 32 = -53. What are the prime factors of p?
7
Let f = 14 + -2. What are the prime factors of f?
2, 3
Let i(y) = -2*y - 3. Let j be i(-9). List the prime factors of 2*(j/2 + -3).
3
Let u(x) = -x**2 + 18*x - 8. List the prime factors of u(14).
2, 3
Suppose 5*w = -2*m + 50, -3*w + 3*m - 7 = -2*w. Let r(n) = -n**2 + 8*n + 10. What are the prime factors of r(w)?
2, 5
Suppose 3*c = -c + 44. Let z = -6 + c. What are the prime factors of z?
5
What are the prime factors of (-12 - 4)*-2 + 3?
5, 7
Suppose -h - 4*h + 10 = 0. Suppose 6*q - h*q = 0. Suppose f + 0 = 2*u - 4, 3*u + 2*f - 6 = q. What are the prime factors of u?
2
Suppose 12 = -y + 61. What are the prime factors of y?
7
Suppose 17*v = 20*v - 954. What are the prime factors of v?
2, 3, 53
Let i(b) = 2*b**2 + 7*b + 5. Suppose 6 = -4*f - 2*v - 12, -2*f = 4*v. Let n be i(f). Let j = n - 19. List the prime factors of j.
2
Let u(o) = -o**3 + 2*o**2 + 3*o + 3. Let q be u(3). Let n be 1 + -3 + 6/q. List the prime factors of (0 - -3) + n/(-5).
3
Suppose 3*w = w, 10 = 2*p - 4*w. List the prime factors of p.
5
Let j(p) = p**3 + 4*p**2 - p - 1. Let s be j(-4). Suppose -s*z = -u, z - 4 = -1. What are the prime factors of u?
3
Let z = 25 - -35. What are the prime factors of 2055/z + (-6)/(-8)?
5, 7
Let r(h) = h**3 + 10*h**2 + 3*h + 10. Let d be r(-10). List the prime factors of ((-132)/(-15))/((-8)/d).
2, 11
Let m(i) = i**2 + 1. Let r(v) = v**2 - 6*v + 4. Let o(x) = -2*m(x) + r(x). Let p(a) = -2*a - 1. Let g be p(2). List the prime factors of o(g).
7
Suppose -3*o + 5 = -7. Suppose -o*p + 30 = -p. What are the prime factors of p?
2, 5
Let f be 5 - 3*(-1 - -2). Suppose 0 = -s - 0*s - f*r + 18, 4*r = -8. What are the prime factors of s?
2, 11
Suppose 1 = -5*i + 16. Suppose i*b = 12, 4*f - 5 = 3*b + 7. List the prime factors of f.
2, 3
Suppose 2*r = -4*u + 3*r + 637, r = 3*u - 477. What are the prime factors of u?
2, 5
What are the prime factors of 21 + -17 - (-156 + 1)?
3, 53
Let a = 160 - 124. List the prime factors of a.
2, 3
Let f = -83 - -163. What are the prime factors of f?
2, 5
Suppose -z = z + u - 11, 4*z - 5*u = 29. Suppose z + 9 = 3*h. Suppose n = y, -h*y + 0*y = -n - 20. List the prime factors of y.
5
Let c(h) = 7*h - 9. List the prime factors of c(10).
61
Let c = -1 + 205. What are the prime factors of c?
2, 3, 17
Suppose 4*p - 222 = 8*r - 6*r, 0 = 2*p - 2*r - 112. What are the prime factors of p?
5, 11
Let u = 7 + -5. Suppose 0 = h + 6 - u. Let z = h - -12. What are the prime factors of z?
2
Let k(o) be the third derivative of o**5/60 + o**4/6 - o**3 - 4*o**2. List the prime factors of k(-7).
3, 5
Suppose -4*s - 35 = -15. Let q(x) = -2*x - 1 - 1 + x. List the prime factors of q(s).
3
Let y(n) = 3*n - 4. Let s be y(2). Suppose 0 = -g - 4*g. Suppose 8 = -g*v + s*v. What are the prime factors of v?
2
Let o(c) = c**3 - 3*c + 1. Let n be o(2). Suppose -n*x - 5*a - 40 = -6*x, -35 = -4*x + 3*a. Let r(y) = 4*y - 7. What are the prime factors of r(x)?
13
Let d(n) be the first derivative of n**2/2 - 3*n - 1. Let c be d(3). Suppose h - 17 = 3*y, 0 = -3*h - 2*y - c*y + 40. What are the prime factors of h?
2, 7
Suppose 0*o + 2*o - 241 = -3*i, -3*o + 5*i + 314 = 0. Let w = o + -64. List the prime factors of w.
7
Suppose 0 = 8*p - 3*p - 10. What are the prime factors of p?
2
Suppose -s + 318 = 3*l, 2*l + 4*s + 303 = 5*l. What are the prime factors of l?
3, 5, 7
Let n(p) = -16*p**3 + p**2 + 2*p + 2. What are the prime factors of n(-1)?
17
Let c(t) = -5*t + 9. Let h(f) = -6*f + 10. Let x be (-2)/(-10) - (-16)/(-5). Let p(u) = x*c(u) + 2*h(u). List the prime factors of p(5).
2
Let w(y) = -8*y**2 - 3*y + y - 2 + 3*y**2 + y**3. Let s be w(6). Suppose 2*u = s - 0. List the prime factors of u.
11
Let x = 34 - -44. What are the prime factors of x?
2, 3, 13
Let b = -80 - -178. What are the prime factors of b?
2, 7
Suppose v - 5*o - 22 = 0, -v + o = 6*o - 12. What are the prime factors of v?
17
Suppose 15 = -5*p, -7 = -x + 5*p - 2*p. What are the prime factors of (x/4)/((-2)/40)?
2, 5
Suppose -5*c + 5*p - 146 + 421 = 0, 3*c = 4*p + 162. List the prime factors of (-6)/21 - c/(-7).
2
Let i(n) = -n**3 + 6*n**2 - 4*n + 5. Let k be i(5). Suppose z = -0 + k. Suppose 0*u - 5*u = -z. What are the prime factors of u?
2
What are the prime factors of (-4 - -86)/(-2)*-1?
41
Suppose 2*w - 22 = -2*l, -l + 0 - 17 = -w. Suppose 0*r - 2*r + w = 0. List the prime factors of r.
7
Let a(r) = -r**2 - 9*r + 6. Let h be a(-7). Suppose -5*o = -0*o + 70. Let w = o + h. List the prime factors of w.
2, 3
Let d = 7 + -8. Let j(q) be the third derivative of -17*q**4/24 + 2*q**2. List the prime factors of j(d).
17
Let f(h) = h**3 - 6*h**2 + 0*h**3 - 5 + 2*h - 2. Let r be f(6). List the prime factors of 1*1*(r + 0).
5
Let b be 6/(-4)*8/(-6). Let m be 3/(-5) - b/5. Let q = m + 7. What are the prime factors of q?
2, 3
Suppose 0 = -4*j - 229 + 741. List the prime factors of j.
2
Suppose -4*h - 2*o + 10 = 0, 0*h - h - 3*o = 0. List the prime factors of h.
3
Let m(c) = 2*c**2 - 5*c + 4. What are the prime factors of m(-5)?
79
Let c(a) = -a**2 - 3*a - 4. Let r be c(-4). What are the prime factors of 23/3 - r/(-12)?
7
Let j(m) = 3*m**2 - m - 14. Let l be j(6). Suppose 0 = -2*v + 4*v - l. List the prime factors of v.
2, 11
Let o(g) = g**3 + 7*g**2 - 7*g + 11. Suppose 2*j - 40 = 5*p, 5*j = -0*p + 2*p + 16. Let q be o(p). Suppose 1 = y - q. What are the prime factors of y?
2
Suppose -4*k - 3*z + 3 = -3*k, 0 = -5*k + 4*z + 53. Suppose -4*f + 45 - k = 0. What are the prime factors of f?
3
What are the prime factors of (18 + -4)*(-1)/(-2)?
7
Suppose 2*n + 2*t - 3*t - 187 = 0, -4*n + 377 = -5*t. What are the prime factors of n?
3, 31
Let f = -16 - -101. What are the prime factors of f?
5, 17
Let l(u) be the second derivative of -2*u**3/3 + 13*u**2/2 - 8*u. List the prime factors of l(-9).
7
Let y(v) be the second derivative of -v**4/12 + 5*v**3/3 + 3*v**2/2 - v. What are the prime factors of y(9)?
2, 3
Suppose -3*d + 5*d = -6. List the prime factors of d*1 + (9 - -2).
2
Let q(z) = -z**3 - 2*z**2. Let s be q(2). Let k = -9 - s. What are the prime factors of k?
7
Suppose d - 5*h + 1 = 8, -2*d + 9 = -5*h. Suppose -4*b = 4*w + 2 - 6, 4*b - 2*w + d = 0. Suppose -2*l + 20 = -b*l. What are the prime factors of l?
2, 5
Let z = 126 - 40. What are the prime factors of z?
2, 43
Let u = 2 - -1. Suppose 0 = 2*s - 4*x - 22, 0*s + u*x - 15 = -2*s. List the prime factors of s.
3
Suppose -17 = -3*o + 7. List the prime factors of ((-50)/o)/((-4)/16).
5
Let y(m) = 7*m**2 + m**3 + 0*m**2 + 2 - 2*m**2. Let i be y(-3). List the prime factors of -3 - (3 + i/(-2)).
2
Let y be (-3 - -3)/(-2) + 4. Suppose 28 + 4 = y*a. What are the prime factors of a?
2
Let q = -7 + 6. Let j be (-129 + -5)/(q + 3). List the prime factors of j/(-4) - 3/4.
2
List the prime factors of 4 + 17/(-4) - (-370)/8.
2, 23
Let u be 428/28 + 2/(-7). Let d = -9 + u. List the prime factors of d.
2, 3
Suppose -18 = -5*k - 4*j + 191, 0 = 5*k - 5*j - 245. What are the prime factors of k?
3, 5
Suppose -13*x + 9*x + 792 = 0. List the prime factors of x.
2, 3, 11
Suppose 0 = 7*x + 351 - 2178. What are the prime factors of x?
3, 29
List the prime factors of 3 - (3 - 0)*-15.
2, 3
Let n = -64 - -125. List the prime factors of n.
61
What are the prime factors of 1/(((-18)/381)/(-6))?
127
Let x(q) = -2*q + 1. Let s(w) = 2*w. Let l(t) = s(t) + 2*x(t). What are the prime factors of l(-2)?
2, 3
Let w(b) = 0*b**2 - b**2 + 30 - 24 - 10*b. List the prime factors of w(-10).
2, 3
Let z = -4 - -2. Let n be 11/(z + 22/10). Suppose -3*d - 3*a = -15, -5*a + 6*a = 5*d - n. What are the prime factors of d?
2, 5
Let h = -68 - -165. Let q = h - 67. What are the prime factors of q?
2, 3, 5
Let m be 1*-2 + (2 - -5). Suppose 0 = -m*d + 7 + 3. List the prime factors of d.
2
Let b(i) = i**3 - 6*i**2 - i + 2. Let p be b(6). Let m = p + 6. Suppose 0 = -k - m*k + 6. List the prime factors of k.
2
Suppose 23 - 61 = -2*t. List the prime factors of t.
19
Let v be (-12)/(-9)*(4 - 1). Suppose v*i - 4 = 60. What are the prime factors of i?
2
Suppose -y = -2*t + 10, -t + y + 22 = 3*t. Suppose -4*r + 3*r + t = 0. List the prime factors of 1*16 - r/(-3).
2, 3
Let t(a) = -a**3